) = -5909*l**3 + 2*l**2 - 3*l + 3. Let y be r(1). Is (y + 2)/(1 + (-4)/2) composite?
True
Suppose 0 = -9*s + 491028 + 947037. Is s a prime number?
False
Suppose -4*u - 994 = -4502. Let o = -858 - -460. Let t = o + u. Is t prime?
True
Let y be (56/16)/((-2)/(-148)). Let l = y + 898. Is l a prime number?
False
Let z be ((-1)/(-2))/(8/112). Let y be (-2)/(z/(1974/(-4))). Suppose -4*n - y = -f, -65 = -f + 3*n + 78. Is f prime?
True
Suppose 255*v - 743014 = 217*v. Is v a prime number?
True
Suppose 18*v - 14*v - 66860 = 0. Is v a prime number?
False
Suppose 0 = 14*h - 3778 - 1948. Is h composite?
False
Let x(d) = -2*d**2 - 6*d - 2. Let i be x(-4). Let q = i + 15. Suppose -s + v - 909 = -q*s, -s + 236 = 2*v. Is s a prime number?
False
Suppose -2*w - 1 - 1 = 0. Is (-1 + 2)*-1*w*223 a composite number?
False
Let x = -5339 - -15582. Is x a composite number?
False
Let c = -1841 - -4164. Is c a composite number?
True
Suppose -5*g - 15 = -10. Is 164 + (-1 - g) + -3 a composite number?
True
Let y(d) = d**2 + 5*d - 12. Let q be y(-7). Let t(r) = 97*r**3 + 2*r**2 + 3*r - 3. Is t(q) composite?
False
Let c(o) = -o**2 - 4*o + 6. Let x be c(-3). Let z(u) = 5*u**2 + 11*u + 13. Is z(x) prime?
False
Let x(z) = 183*z + 7. Let h(p) = -184*p - 7. Let j(t) = 3*h(t) + 2*x(t). Let d be j(-3). Let q = d + -366. Is q a composite number?
True
Let r = 718 - 411. Suppose 0*j - j + r = 0. Is j a prime number?
True
Let a = 7149 + -4738. Is a composite?
False
Suppose 13184 = 4*i + 3*u, -2*i - 2*u + 6614 = -6*u. Is i composite?
False
Is (8/12)/((-8)/(-346044)) a prime number?
True
Let u = -22429 + 48030. Is u a composite number?
False
Let h(b) = 1396*b**2 - 31*b + 32. Is h(1) prime?
False
Is 1 - 0/3 - -6*495 prime?
True
Suppose 59840 = 9*q - 65746. Is q a composite number?
True
Let q(w) = 2*w - 8. Let k be q(6). Suppose k*i = i + 4*v + 7, 3*v + 7 = 4*i. Is (164 - i)*5/5 a prime number?
True
Let k(h) = -2*h**3 - 5*h**2 + 3*h + 7. Let i(d) = -d**3. Let g(t) = 2*i(t) + k(t). Is g(-6) prime?
True
Let y(n) be the first derivative of 14*n**3 + 7 - 5/2*n**2 - 2*n. Is y(-3) a prime number?
False
Let t be 0 + 1/(-3 - -2). Let a be t + 7 + (1 - 4). Suppose -5*z + 391 = y, a*y - 320 = -4*z + 4*y. Is z a prime number?
True
Let t = -13 - -22. Suppose -510 = 677*f - 683*f. Suppose 8*z = t*z - f. Is z a composite number?
True
Let z = 69 + -38. Let g = z - 28. Suppose 0*t + g*t - 483 = 0. Is t a composite number?
True
Let m = -7247 + 2466. Is ((-2)/(-1))/((-14)/m) prime?
True
Let j = 10243 + 13828. Is j a composite number?
False
Let v be 1/((-4)/(-16)*2). Let b(t) = 4*t**2 - 5*t**v + 3*t**2 - 13 + 6*t. Is b(12) a composite number?
False
Let t(m) = -m**3 + 2*m**2 - 2*m + 1. Let s be t(1). Let b(u) be the third derivative of u**4/24 + 49*u**3/6 - u**2. Is b(s) composite?
True
Suppose -204134 = -8*x - 47902. Is x composite?
True
Let d = -202 - -187. Let q be (-1 + -26)/((-12)/16). Let i = d + q. Is i a prime number?
False
Let n(d) = d**2 - 11*d - 32. Let l be n(13). Is (3 + -1)/(4/(-20712)*l) prime?
False
Suppose 0 = 11*h - 13*h + 50. Suppose 2*f - 113 = -h. Suppose k + 2*k - c - f = 0, c - 31 = -2*k. Is k a prime number?
False
Let n = 3292 - 1143. Is n composite?
True
Suppose -8*b + 11012 = -13268. Is b a composite number?
True
Let v(x) = -x**2 + 9*x - 2. Let d be v(8). Let n(f) = 3*f**2 + 11*f - 5. Let m(i) = -9*i**2 - 32*i + 16. Let b(j) = -4*m(j) - 11*n(j). Is b(d) composite?
True
Let t be 5 - (-2 + 1 + 2). Suppose 5*y = 20, 2*p - t*y = -1 - 11. Suppose 0 = -p*c + 76 + 26. Is c a composite number?
True
Suppose -s + m + 9198 = 0, -4*s + 0*m = 2*m - 36798. Is s prime?
True
Suppose -3*v + z = -v - 781, 2*z + 383 = v. Is v - (-9 + 4 + 3) prime?
False
Suppose 0 = -2*r - 4*z + 14886, -14829 = -4*r - 4*z + 14959. Is r a composite number?
False
Let n be 19 + -16 + 1/(2/520). Let v = -60 + n. Is v a composite number?
True
Suppose -3*t + 36167 - 7568 = 0. Is t a prime number?
True
Suppose -2*v + 47809 = -5*t, 3*v - 16*t + 19*t - 71682 = 0. Is v prime?
False
Let b = 20 + -21. Is (1/(-3))/(b/(-3))*-237 prime?
False
Let a(z) = 27*z - 6. Suppose 0 = 3*w - 15 - 3. Let p(b) = 26*b - 7. Let r(y) = w*a(y) - 5*p(y). Is r(4) prime?
True
Let p(v) = -1408*v + 35. Let l be p(-12). Suppose 0 = 5*q - 2*d - l, 3*q - 3*d - 7778 = 2377. Is q a prime number?
False
Suppose 5*y - 10 + 0 = 0. Suppose -p + y*p - 402 = -4*o, 4*p = -4*o + 1668. Is p a composite number?
True
Let q(z) = 2102*z**3 + z**2 + 5*z - 6. Let l be q(1). Let b = l - 1267. Is b composite?
True
Suppose -2*b + 35304 = 10*b. Suppose 2*t = -3*i + 2206, 4*i + t = -2*t + b. Is i a composite number?
True
Suppose -4 + 4 = -2*c. Suppose -5*j - 2*x = -10201, 5*j + 4*x - 1248 - 8959 = c. Is j composite?
False
Let p(x) = -x**3 + 28*x**2 + 29*x + 7. Is p(16) a composite number?
True
Let c(f) = 109*f - 231. Is c(52) prime?
True
Let y(w) = w**2 + 2*w + 4. Let j be y(-3). Let q(n) = n**3 + 6*n**2 - 2*n + 8. Let r be q(j). Suppose 0 = s - 0*s - r. Is s a composite number?
False
Suppose 4*a - 3797 = 5039. Is a composite?
True
Suppose -436*z + 435*z = -28069. Is z composite?
False
Let h(l) = 354*l**2 - 5*l + 4. Is h(-3) prime?
False
Let y(c) = 13*c + 13. Let z be y(9). Let b = z - 359. Is (6 - b) + 4*1 prime?
True
Suppose 5*t - 9*t + 44420 = 0. Is t composite?
True
Suppose -5*f + 32 = 3*u, -4*u - f = -5*f. Suppose -u*q = -6*q + 706. Is q a prime number?
True
Let w = 522 - 42. Suppose 5*j = 4*h + 1620 - 423, -2*h - w = -2*j. Is j a composite number?
True
Suppose 0 = -5*m + 4*f - 1296 + 228, 0 = -m + 2*f - 216. Let q = 423 + m. Is q composite?
False
Let d(q) = q**3 + q**2 - q. Let y(p) = -3*p**3 + 5*p**2 + 3*p - 3. Let c(r) = 4*d(r) + y(r). Let b be c(-9). Let s(n) = 9*n + 15. Is s(b) a composite number?
True
Let y be -19*4*95/(-10). Let v = y + 2039. Is v composite?
True
Is 4/14 - (2244078/(-63))/6 composite?
True
Suppose 0 = 15*m - 11*m + 2*v - 43836, 0 = 4*m + 3*v - 43832. Is m prime?
False
Let d(a) = -902*a - 487. Is d(-57) a prime number?
False
Let j(h) = -172 + 512 + 6*h - 3*h + 253. Let c be j(0). Suppose 3*s + 5*o = c, -3*s + 0*o = -o - 569. Is s a composite number?
False
Is 204/(-10)*-108 + 26/(-130) composite?
False
Let t = -761 + 2218. Is t a composite number?
True
Suppose -4*j + 31182 = -2*c + 3*c, -5*c = -10. Suppose h = -4*h + j. Is h prime?
True
Let s(i) = -i**3 + 3*i**2 - 2*i. Let w be s(2). Suppose 2*b = 2*j - w*b - 304, -2*j = -5*b - 313. Is j a prime number?
True
Let n(x) = x**3 - x**2 + 770. Let v be n(0). Let a = -327 + v. Is a a prime number?
True
Let x(y) be the third derivative of y**6/120 - y**5/30 - 5*y**4/24 + y**3/6 + 6*y**2. Is x(6) a composite number?
True
Suppose 3*j - 16 = j - i, 26 = j - 4*i. Suppose 4*o - 4*s = j - 2, 8 = -5*o - 4*s. Suppose -3*b + 235 = 5*l - b, -2*b = o. Is l composite?
False
Suppose 20*g - 10*g - 60 = 0. Suppose g*z + 2348 = 10*z. Is z a composite number?
False
Suppose -4*t = -4*p - 199048, 2*t + 3*p = 6*p + 99527. Is t prime?
False
Suppose 0 = -5*u - 2*d + 41, -5*u + 5*d = -u - 13. Suppose 4*i + m + 4*m = u, -2*i = 5*m + 9. Let z = i - -43. Is z a prime number?
False
Suppose 0 = 10*m - 6*m - 4*g - 109824, 5*m - 137282 = 3*g. Is m composite?
False
Let p(f) = 31*f**3 - f**2 + 5*f + 21. Is p(8) a prime number?
False
Let l(n) = -8122*n - 61. Is l(-2) composite?
False
Let c(t) = 20*t**2 + 7*t - 13. Let b be c(2). Suppose 0 = -6*z + 219 - b. Is z a composite number?
False
Let d = -11 + 6. Let k(y) = -y**2 - 30*y - 119. Let h be k(-7). Let i = h - d. Is i prime?
True
Is 160636/21*(-30)/(-40) a prime number?
True
Let j(o) = 4 + 0 + 268*o**2 - 3. Let v be j(-1). Suppose 5*t - 890 = 3*l, 5*t - v - 621 = 2*l. Is t a prime number?
False
Let c = 5583 - 2048. Suppose 0*y - 7*y = -c. Is y composite?
True
Let x = -12 + 16. Suppose -x*a + 6*a + 568 = 0. Let y = 495 + a. Is y prime?
True
Let t(c) = c**3 + c**2 - 2*c - 4. Let b be t(-3). Let o(l) = 2*l**2 - 10*l + 1. Is o(b) a composite number?
False
Let g = -1633 + 2400. Is g a prime number?
False
Let n(j) = 39*j - 7. Let x be n(5). Suppose i - x = -i. Suppose 4*g - 94 = i. Is g prime?
True
Let p(t) = -3*t**2 + 5*t - 6. Let w be p(-8). Let h = w + 115. Let i = h + 178. Is i a composite number?
True
Let f = 109 - 28. Suppose -f - 3090 = -3*d. Is d a composite number?
True
Let o = 30 + 81.